{"id":841,"date":"2021-10-07T13:22:48","date_gmt":"2021-10-07T16:22:48","guid":{"rendered":"https:\/\/ows1.com.br\/barbiero\/?page_id=841"},"modified":"2021-11-05T14:04:13","modified_gmt":"2021-11-05T17:04:13","slug":"assistencia-tecnica","status":"publish","type":"page","link":"https:\/\/ows1.com.br\/barbiero\/?page_id=841","title":{"rendered":"Assist\u00eancia T\u00e9cnica"},"content":{"rendered":"\t\t<div data-elementor-type=\"wp-page\" data-elementor-id=\"841\" class=\"elementor elementor-841\" data-elementor-settings=\"[]\">\n\t\t\t\t\t\t\t<div class=\"elementor-section-wrap\">\n\t\t\t\t\t\t\t<section class=\"elementor-section elementor-top-section elementor-element elementor-element-312d48c elementor-section-boxed elementor-section-height-default elementor-section-height-default\" data-id=\"312d48c\" data-element_type=\"section\" data-settings=\"{&quot;background_background&quot;:&quot;classic&quot;}\">\n\t\t\t\t\t\t\t<div class=\"elementor-background-overlay\"><\/div>\n\t\t\t\t\t\t\t<div class=\"elementor-container elementor-column-gap-default\">\n\t\t\t\t\t<div class=\"elementor-column elementor-col-100 elementor-top-column elementor-element elementor-element-3c9d6e7\" data-id=\"3c9d6e7\" data-element_type=\"column\">\n\t\t\t<div class=\"elementor-widget-wrap elementor-element-populated\">\n\t\t\t\t\t\t\t\t<div class=\"elementor-element elementor-element-2c9e504 elementor-widget elementor-widget-heading\" data-id=\"2c9e504\" data-element_type=\"widget\" data-widget_type=\"heading.default\">\n\t\t\t\t<div class=\"elementor-widget-container\">\n\t\t\t<h2 class=\"elementor-heading-title elementor-size-default\">Assist\u00eancia T\u00e9cnica <\/h2>\t\t<\/div>\n\t\t\t\t<\/div>\n\t\t\t\t<div class=\"elementor-element elementor-element-d7cea44 elementor-widget-divider--view-line elementor-widget elementor-widget-divider\" data-id=\"d7cea44\" data-element_type=\"widget\" data-widget_type=\"divider.default\">\n\t\t\t\t<div class=\"elementor-widget-container\">\n\t\t\t\t\t<div class=\"elementor-divider\">\n\t\t\t<span class=\"elementor-divider-separator\">\n\t\t\t\t\t\t<\/span>\n\t\t<\/div>\n\t\t\t\t<\/div>\n\t\t\t\t<\/div>\n\t\t\t\t\t<\/div>\n\t\t<\/div>\n\t\t\t\t\t\t\t<\/div>\n\t\t<\/section>\n\t\t\t\t<section class=\"elementor-section elementor-top-section elementor-element elementor-element-ce45fb8 elementor-section-boxed elementor-section-height-default elementor-section-height-default\" data-id=\"ce45fb8\" data-element_type=\"section\" data-settings=\"{&quot;background_background&quot;:&quot;classic&quot;}\">\n\t\t\t\t\t\t\t<div class=\"elementor-background-overlay\"><\/div>\n\t\t\t\t\t\t\t<div class=\"elementor-container elementor-column-gap-default\">\n\t\t\t\t\t<div class=\"elementor-column elementor-col-50 elementor-top-column elementor-element elementor-element-23fb8c6\" data-id=\"23fb8c6\" data-element_type=\"column\">\n\t\t\t<div class=\"elementor-widget-wrap elementor-element-populated\">\n\t\t\t\t\t\t\t\t<div class=\"elementor-element elementor-element-57059a05 elementor-widget elementor-widget-heading\" data-id=\"57059a05\" data-element_type=\"widget\" data-widget_type=\"heading.default\">\n\t\t\t\t<div class=\"elementor-widget-container\">\n\t\t\t<h2 class=\"elementor-heading-title elementor-size-default\">Saiba mais...<\/h2>\t\t<\/div>\n\t\t\t\t<\/div>\n\t\t\t\t<div class=\"elementor-element elementor-element-4fd48c4a elementor-widget elementor-widget-heading\" data-id=\"4fd48c4a\" data-element_type=\"widget\" data-widget_type=\"heading.default\">\n\t\t\t\t<div class=\"elementor-widget-container\">\n\t\t\t<h2 class=\"elementor-heading-title elementor-size-default\">Assist\u00eancia T\u00e9cnica<\/h2>\t\t<\/div>\n\t\t\t\t<\/div>\n\t\t\t\t<div class=\"elementor-element elementor-element-3181dd50 elementor-widget elementor-widget-text-editor\" data-id=\"3181dd50\" data-element_type=\"widget\" data-widget_type=\"text-editor.default\">\n\t\t\t\t<div class=\"elementor-widget-container\">\n\t\t\t\t\t\t\t<p>Informa\u00e7\u00e3o como Ferramenta de Transforma\u00e7\u00e3o junto aos clientes<br \/>Uma \u00e1rvore que criou ra\u00edzes profundas e gerou bons frutos na produ\u00e7\u00e3o, <br \/>na renda e na qualidade de vida de nossos clientes.<br \/>\u200bVisitas \u00e0s propriedades, dias de campo, palestras, informa\u00e7\u00f5es via redes sociais,<br \/>entre outros, constituem os canais de troca entre t\u00e9cnicos e produtores. <br \/>O Agrotec, realizado todos os anos, concentra todas as estrat\u00e9gias do trabalho. <br \/>Desta forma, dezena de profissionais t\u00e9cnicos, atendem os agricultores visando <br \/>incrementar e impulsionar a produ\u00e7\u00e3o de alimentos.<\/p>\t\t\t\t\t\t<\/div>\n\t\t\t\t<\/div>\n\t\t\t\t\t<\/div>\n\t\t<\/div>\n\t\t\t\t<div class=\"elementor-column elementor-col-50 elementor-top-column elementor-element elementor-element-85593d7\" data-id=\"85593d7\" data-element_type=\"column\">\n\t\t\t<div class=\"elementor-widget-wrap elementor-element-populated\">\n\t\t\t\t\t\t\t\t<section class=\"elementor-section elementor-inner-section elementor-element elementor-element-9747714 elementor-section-full_width elementor-section-height-default elementor-section-height-default\" data-id=\"9747714\" data-element_type=\"section\" data-settings=\"{&quot;background_background&quot;:&quot;classic&quot;}\">\n\t\t\t\t\t\t<div class=\"elementor-container elementor-column-gap-no\">\n\t\t\t\t\t<div class=\"elementor-column elementor-col-100 elementor-inner-column elementor-element elementor-element-8a13b35\" data-id=\"8a13b35\" data-element_type=\"column\">\n\t\t\t<div class=\"elementor-widget-wrap elementor-element-populated\">\n\t\t\t\t\t\t\t\t<div class=\"elementor-element elementor-element-12e70b4 elementor-widget elementor-widget-image\" data-id=\"12e70b4\" data-element_type=\"widget\" data-widget_type=\"image.default\">\n\t\t\t\t<div class=\"elementor-widget-container\">\n\t\t\t\t\t\t\t\t\t\t\t\t\t\t\t<img loading=\"lazy\" decoding=\"async\" width=\"600\" height=\"700\" src=\"https:\/\/ows1.com.br\/barbiero\/wp-content\/uploads\/2021\/10\/Foto007.png\" class=\"attachment-full size-full\" alt=\"\" srcset=\"https:\/\/ows1.com.br\/barbiero\/wp-content\/uploads\/2021\/10\/Foto007.png 600w, https:\/\/ows1.com.br\/barbiero\/wp-content\/uploads\/2021\/10\/Foto007-257x300.png 257w\" sizes=\"auto, (max-width: 600px) 100vw, 600px\" \/>\t\t\t\t\t\t\t\t\t\t\t\t\t\t\t<\/div>\n\t\t\t\t<\/div>\n\t\t\t\t\t<\/div>\n\t\t<\/div>\n\t\t\t\t\t\t\t<\/div>\n\t\t<\/section>\n\t\t\t\t\t<\/div>\n\t\t<\/div>\n\t\t\t\t\t\t\t<\/div>\n\t\t<\/section>\n\t\t\t\t\t\t<\/div>\n\t\t\t\t\t<\/div>\n\t\t","protected":false},"excerpt":{"rendered":"<p>Assist\u00eancia T\u00e9cnica Saiba mais&#8230; Assist\u00eancia T\u00e9cnica Informa\u00e7\u00e3o como Ferramenta de Transforma\u00e7\u00e3o junto aos clientesUma \u00e1rvore que criou ra\u00edzes profundas e gerou bons frutos na produ\u00e7\u00e3o, na renda e na qualidade de vida de nossos clientes.\u200bVisitas \u00e0s propriedades, dias de campo, palestras, informa\u00e7\u00f5es via redes sociais,entre outros, constituem os canais de troca entre t\u00e9cnicos e produtores. [&hellip;]<\/p>\n","protected":false},"author":1,"featured_media":0,"parent":0,"menu_order":0,"comment_status":"closed","ping_status":"closed","template":"elementor_header_footer","meta":{"footnotes":""},"class_list":["post-841","page","type-page","status-publish","hentry"],"_links":{"self":[{"href":"https:\/\/ows1.com.br\/barbiero\/index.php?rest_route=\/wp\/v2\/pages\/841","targetHints":{"allow":["GET"]}}],"collection":[{"href":"https:\/\/ows1.com.br\/barbiero\/index.php?rest_route=\/wp\/v2\/pages"}],"about":[{"href":"https:\/\/ows1.com.br\/barbiero\/index.php?rest_route=\/wp\/v2\/types\/page"}],"author":[{"embeddable":true,"href":"https:\/\/ows1.com.br\/barbiero\/index.php?rest_route=\/wp\/v2\/users\/1"}],"replies":[{"embeddable":true,"href":"https:\/\/ows1.com.br\/barbiero\/index.php?rest_route=%2Fwp%2Fv2%2Fcomments&post=841"}],"version-history":[{"count":13,"href":"https:\/\/ows1.com.br\/barbiero\/index.php?rest_route=\/wp\/v2\/pages\/841\/revisions"}],"predecessor-version":[{"id":1131,"href":"https:\/\/ows1.com.br\/barbiero\/index.php?rest_route=\/wp\/v2\/pages\/841\/revisions\/1131"}],"wp:attachment":[{"href":"https:\/\/ows1.com.br\/barbiero\/index.php?rest_route=%2Fwp%2Fv2%2Fmedia&parent=841"}],"curies":[{"name":"wp","href":"https:\/\/api.w.org\/{rel}","templated":true}]}}