{"id":7732,"date":"2021-06-17T17:07:40","date_gmt":"2021-06-17T17:07:40","guid":{"rendered":"https:\/\/dlflores.owsweb.online\/?post_type=product&#038;p=7732"},"modified":"2024-08-30T10:58:06","modified_gmt":"2024-08-30T10:58:06","slug":"bonsai-pitanga-17-anos","status":"publish","type":"product","link":"https:\/\/ows1.com.br\/dlflores\/produto\/bonsai-pitanga-17-anos\/","title":{"rendered":"Bonsai Pitanga 17 anos"},"content":{"rendered":"","protected":false},"excerpt":{"rendered":"<p><strong>Descri\u00e7\u00e3o<\/strong><\/p>\n<p><em><strong>Bonsai<\/strong><\/em>, os bonsais s\u00e3o cultivados a milhares de anos, tendo inicio na China e propagado at\u00e9 o Jap\u00e3o.<\/p>\n<p>No seu in\u00edcio os bonsais serviam como presentes finos, tendo acesso h\u00e1 pouqu\u00edssimas pessoas. Somente os mais afortunados possu\u00edam ou presenteavam com bonsais. Sendo assim eram e s\u00e3o s\u00edmbolo de status at\u00e9 hoje.<\/p>\n<p>O bonsai consiste em cultivar uma \u00e1rvore idosa em uma bandeja rasa, deixando-a miniatura. Voc\u00ea pode utilizar toda sua criatividade, com o tempo ir modelando a sua \u00e1rvore. Os cuidados s\u00e3o aduba\u00e7\u00e3o a cada tr\u00eas meses, agua duas vezes ao dia, sol, chuva, vento (por ser uma arvore precisa ter contato com \u00e1rea externa).<\/p>\n<p>Essa \u00c1rvore \u00e9 uma pitangueira com 17 anos. Linda, elegante e j\u00e1 dando frutos.<\/p>\n<p>J\u00e1 pensou em ter na sua casa essa maravilha? Ou melhor ainda, presentear a quem voc\u00ea ama com essa incr\u00edvel miniatura de Pitangueira? N\u00e3o perca tempo, ela \u00e9 \u00fanica e exclusiva.<\/p>\n<p><strong>Pitanga 17 anos<\/strong><\/p>\n<p>Dimens\u00f5es<\/p>\n<p>Vaso oval em cer\u00e2mica esmaltada nas medidas 25 cm comprimento, 82 cm de circunfer\u00eancia.<\/p>\n<p><strong>Planta:<\/strong><\/p>\n<p>Altura total 53cm<\/p>\n<p>Di\u00e2metro da copa 40cm<\/p>\n<p><strong>Pitanga de 17 anos, realmente linda<\/strong><\/p>\n<p>&nbsp;<\/p>\n<p>&nbsp;<\/p>\n","protected":false},"featured_media":7733,"comment_status":"open","ping_status":"closed","template":"","meta":[],"etheme_brands":[],"product_cat":[64,65,66,63],"product_tag":[],"_links":{"self":[{"href":"https:\/\/ows1.com.br\/dlflores\/wp-json\/wp\/v2\/product\/7732"}],"collection":[{"href":"https:\/\/ows1.com.br\/dlflores\/wp-json\/wp\/v2\/product"}],"about":[{"href":"https:\/\/ows1.com.br\/dlflores\/wp-json\/wp\/v2\/types\/product"}],"replies":[{"embeddable":true,"href":"https:\/\/ows1.com.br\/dlflores\/wp-json\/wp\/v2\/comments?post=7732"}],"wp:featuredmedia":[{"embeddable":true,"href":"https:\/\/ows1.com.br\/dlflores\/wp-json\/wp\/v2\/media\/7733"}],"wp:attachment":[{"href":"https:\/\/ows1.com.br\/dlflores\/wp-json\/wp\/v2\/media?parent=7732"}],"wp:term":[{"taxonomy":"brand","embeddable":true,"href":"https:\/\/ows1.com.br\/dlflores\/wp-json\/wp\/v2\/etheme_brands?post=7732"},{"taxonomy":"product_cat","embeddable":true,"href":"https:\/\/ows1.com.br\/dlflores\/wp-json\/wp\/v2\/product_cat?post=7732"},{"taxonomy":"product_tag","embeddable":true,"href":"https:\/\/ows1.com.br\/dlflores\/wp-json\/wp\/v2\/product_tag?post=7732"}],"curies":[{"name":"wp","href":"https:\/\/api.w.org\/{rel}","templated":true}]}}