{"id":7739,"date":"2021-06-17T17:46:07","date_gmt":"2021-06-17T17:46:07","guid":{"rendered":"https:\/\/dlflores.owsweb.online\/?post_type=product&#038;p=7739"},"modified":"2021-08-01T00:29:35","modified_gmt":"2021-08-01T00:29:35","slug":"bonsai-procumbens-pendente-15-anos","status":"publish","type":"product","link":"https:\/\/ows1.com.br\/dlflores\/produto\/bonsai-procumbens-pendente-15-anos\/","title":{"rendered":"Bonsai Procumbens pendente 15 anos"},"content":{"rendered":"","protected":false},"excerpt":{"rendered":"<p><em><strong>Bonsai<\/strong><\/em>, os bonsais s\u00e3o cultivados a milhares de anos, tendo inicio na China e propagado at\u00e9 o Jap\u00e3o.<\/p>\n<p>No seu in\u00edcio os bonsais serviam como presentes finos, tendo acesso h\u00e1 pouqu\u00edssimas pessoas. Somente os mais afortunados possu\u00edam ou presenteavam com bonsais. Sendo assim eram e s\u00e3o s\u00edmbolo de status at\u00e9 hoje.<\/p>\n<p>O bonsai consiste em cultivar uma \u00e1rvore idosa em uma bandeja rasa, deixando-a miniatura. Voc\u00ea pode utilizar toda sua criatividade, com o tempo ir modelando a sua \u00e1rvore. Os cuidados s\u00e3o aduba\u00e7\u00e3o a cada tr\u00eas meses, agua duas vezes ao dia, sol, chuva, vento (por ser uma arvore precisa ter contato com \u00e1rea externa).<\/p>\n<p>&nbsp;<\/p>\n<p>Um Bonsai pendente, isso mesmo. Perfeito para um aparador. Tem um canto precisando de um verde, diferenciado, \u00fanico. Est\u00e1 aqui a solu\u00e7\u00e3o. Uma \u00e1rvore impec\u00e1vel e diferenciada. Os amantes de bonsai v\u00e3o amar.<\/p>\n<p>Trata-se de um Procumbens<\/p>\n<p>Plantada em um vaso Vietnamita com medidas:<\/p>\n<p>Altura: 23cm<\/p>\n<p>Circunfer\u00eancia: 65cm<\/p>\n<p>Altura total com a planta: 43cm<\/p>\n<p>Comprimento copa da planta 92cm<\/p>\n<p>&nbsp;<\/p>\n<p>Al\u00e9m de raro, essa \u00e1rvore \u00e9 \u00fanica.<\/p>\n<p>Conte com a natureza perto de voc\u00ea.<\/p>\n<p>&nbsp;<\/p>\n","protected":false},"featured_media":7741,"comment_status":"open","ping_status":"closed","template":"","meta":[],"etheme_brands":[],"product_cat":[64,65,66,63],"product_tag":[],"_links":{"self":[{"href":"https:\/\/ows1.com.br\/dlflores\/wp-json\/wp\/v2\/product\/7739"}],"collection":[{"href":"https:\/\/ows1.com.br\/dlflores\/wp-json\/wp\/v2\/product"}],"about":[{"href":"https:\/\/ows1.com.br\/dlflores\/wp-json\/wp\/v2\/types\/product"}],"replies":[{"embeddable":true,"href":"https:\/\/ows1.com.br\/dlflores\/wp-json\/wp\/v2\/comments?post=7739"}],"wp:featuredmedia":[{"embeddable":true,"href":"https:\/\/ows1.com.br\/dlflores\/wp-json\/wp\/v2\/media\/7741"}],"wp:attachment":[{"href":"https:\/\/ows1.com.br\/dlflores\/wp-json\/wp\/v2\/media?parent=7739"}],"wp:term":[{"taxonomy":"brand","embeddable":true,"href":"https:\/\/ows1.com.br\/dlflores\/wp-json\/wp\/v2\/etheme_brands?post=7739"},{"taxonomy":"product_cat","embeddable":true,"href":"https:\/\/ows1.com.br\/dlflores\/wp-json\/wp\/v2\/product_cat?post=7739"},{"taxonomy":"product_tag","embeddable":true,"href":"https:\/\/ows1.com.br\/dlflores\/wp-json\/wp\/v2\/product_tag?post=7739"}],"curies":[{"name":"wp","href":"https:\/\/api.w.org\/{rel}","templated":true}]}}