{"id":7770,"date":"2021-06-17T20:42:45","date_gmt":"2021-06-17T20:42:45","guid":{"rendered":"https:\/\/dlflores.owsweb.online\/?post_type=product&#038;p=7770"},"modified":"2021-09-06T20:03:10","modified_gmt":"2021-09-06T20:03:10","slug":"bonsai-shimpaku-5-anos","status":"publish","type":"product","link":"https:\/\/ows1.com.br\/dlflores\/produto\/bonsai-shimpaku-5-anos\/","title":{"rendered":"BONSAI SHIMPAKU 5 ANOS"},"content":{"rendered":"","protected":false},"excerpt":{"rendered":"<p><em><strong>Bonsai<\/strong><\/em>, os bonsais s\u00e3o cultivados a milhares de anos, tendo inicio na China e propagado at\u00e9 o Jap\u00e3o.<\/p>\n<p>No seu in\u00edcio os bonsais serviam como presentes finos, tendo acesso h\u00e1 pouqu\u00edssimas pessoas. Somente os mais afortunados possu\u00edam ou presenteavam com bonsais. Sendo assim eram e s\u00e3o s\u00edmbolo de status at\u00e9 hoje.<\/p>\n<p>O bonsai consiste em cultivar uma \u00e1rvore idosa em uma bandeja rasa, deixando-a miniatura. Voc\u00ea pode utilizar toda sua criatividade, com o tempo ir modelando a sua \u00e1rvore. Os cuidados s\u00e3o aduba\u00e7\u00e3o a cada tr\u00eas meses, agua duas vezes ao dia, sol, chuva, vento (por ser uma arvore precisa ter contato com \u00e1rea externa).<\/p>\n<p>&nbsp;<\/p>\n<p>SHIMPAKU 5 Anos, plantado em vaso de cer\u00e2mica esaltado.<\/p>\n<p>Famoso, conhecido e elegante. Suas pequenas folhas com estilo cipreste, formam lindos arbustos. Seus galhos s\u00e3o facilmente manipul\u00e1veis, podendo assim criar uma \u00e1rvore \u00fanica.<\/p>\n<p>Experimente essa \u00c1rvore. Ideal para decora\u00e7\u00e3o, cole\u00e7\u00e3o ou presente.<\/p>\n<p>Presenteie com um bonsai, e al\u00e9m de entregar algo \u00fanico, voc\u00ea vai estar dando continuidade a uma cultura milenar.<\/p>\n<p>Dimens\u00f5es:<\/p>\n<p>Vaso: 15x11cm com 5 cm de altura.<\/p>\n<p>Planta: Altura total 20cm<\/p>\n<p>Di\u00e2metro da copa 18 cm<\/p>\n<p>&nbsp;<\/p>\n","protected":false},"featured_media":7771,"comment_status":"open","ping_status":"closed","template":"","meta":[],"etheme_brands":[],"product_cat":[64,65,66,63],"product_tag":[],"_links":{"self":[{"href":"https:\/\/ows1.com.br\/dlflores\/wp-json\/wp\/v2\/product\/7770"}],"collection":[{"href":"https:\/\/ows1.com.br\/dlflores\/wp-json\/wp\/v2\/product"}],"about":[{"href":"https:\/\/ows1.com.br\/dlflores\/wp-json\/wp\/v2\/types\/product"}],"replies":[{"embeddable":true,"href":"https:\/\/ows1.com.br\/dlflores\/wp-json\/wp\/v2\/comments?post=7770"}],"wp:featuredmedia":[{"embeddable":true,"href":"https:\/\/ows1.com.br\/dlflores\/wp-json\/wp\/v2\/media\/7771"}],"wp:attachment":[{"href":"https:\/\/ows1.com.br\/dlflores\/wp-json\/wp\/v2\/media?parent=7770"}],"wp:term":[{"taxonomy":"brand","embeddable":true,"href":"https:\/\/ows1.com.br\/dlflores\/wp-json\/wp\/v2\/etheme_brands?post=7770"},{"taxonomy":"product_cat","embeddable":true,"href":"https:\/\/ows1.com.br\/dlflores\/wp-json\/wp\/v2\/product_cat?post=7770"},{"taxonomy":"product_tag","embeddable":true,"href":"https:\/\/ows1.com.br\/dlflores\/wp-json\/wp\/v2\/product_tag?post=7770"}],"curies":[{"name":"wp","href":"https:\/\/api.w.org\/{rel}","templated":true}]}}