{"id":7812,"date":"2021-06-17T22:21:49","date_gmt":"2021-06-17T22:21:49","guid":{"rendered":"https:\/\/dlflores.owsweb.online\/?post_type=product&#038;p=7812"},"modified":"2022-06-18T04:34:20","modified_gmt":"2022-06-18T04:34:20","slug":"cachepo-gigante-com-24-rosas-importadas","status":"publish","type":"product","link":"https:\/\/ows1.com.br\/dlflores\/produto\/cachepo-gigante-com-24-rosas-importadas\/","title":{"rendered":"Cachep\u00f4 Gigante com 24 rosas importadas"},"content":{"rendered":"<p>DESCRI\u00c7\u00c3O:<\/p>\n<p>Cachep\u00f4 gigante com 24 rosas importadas.<\/p>\n<p>Produzido a m\u00e3o em um cachep\u00f4 em madeira com espelhos.<\/p>\n<p>Montado na espuma floral.<\/p>\n<p>Utilizando 24 rosas colombianas impec\u00e1veis, mix de verdes como fornium, ruscus, aspargo.<\/p>\n<p>Composto com gipsophila e ou tango.<\/p>\n<p>As rosas colombianas s\u00e3o consideradas as mais lindas de todo o planeta, voc\u00ea sabe por que isso \u00e9 poss\u00edvel?<\/p>\n<p>O que contribui s\u00e3o alguns fatores, sendo: Solo rico, altitude elevada (em torno de 2.600 metros ao n\u00edvel do mar) isso faz com que as rosas recebam mais calor, energia e luminosidade. A temperatura tamb\u00e9m \u00e9 ideal, estando na faixa dos 15 graus Celsius, sendo assim a rosa leva o tempo necess\u00e1rio para crescer e se desenvolver.<\/p>\n<p>Al\u00e9m de lindas, com cores mais vibrantes, as rosas importadas tamb\u00e9m contam com uma durabilidade superior.<\/p>\n<p>Aqui voc\u00ea encontra tradi\u00e7\u00e3o, carinho e qualidade.<\/p>\n<p>Demonstre seu amor, envie esse lindo buqu\u00ea.<\/p>\n<p>Dimens\u00f5es:<\/p>\n<p>Altura do Arranjo 117 cm<\/p>\n<p>Diametro 46 cm<\/p>\n<p>Circunfer\u00eancia 110 cm<\/p>\n<p>Cachep\u00f4 em madeira medindo 25&#215;19 com 20cm de altura.<\/p>\n<p>Impressionante, lindo e incr\u00edvel.<\/p>\n","protected":false},"excerpt":{"rendered":"<p>DESCRI\u00c7\u00c3O: Cachep\u00f4 gigante com 24 rosas importadas. Produzido a m\u00e3o em um cachep\u00f4 em madeira com espelhos. Montado na espuma floral. Utilizando 24 rosas colombianas&#8230;<\/p>\n","protected":false},"featured_media":7813,"comment_status":"open","ping_status":"closed","template":"","meta":[],"etheme_brands":[],"product_cat":[80,71,74,58,69],"product_tag":[],"_links":{"self":[{"href":"https:\/\/ows1.com.br\/dlflores\/wp-json\/wp\/v2\/product\/7812"}],"collection":[{"href":"https:\/\/ows1.com.br\/dlflores\/wp-json\/wp\/v2\/product"}],"about":[{"href":"https:\/\/ows1.com.br\/dlflores\/wp-json\/wp\/v2\/types\/product"}],"replies":[{"embeddable":true,"href":"https:\/\/ows1.com.br\/dlflores\/wp-json\/wp\/v2\/comments?post=7812"}],"wp:featuredmedia":[{"embeddable":true,"href":"https:\/\/ows1.com.br\/dlflores\/wp-json\/wp\/v2\/media\/7813"}],"wp:attachment":[{"href":"https:\/\/ows1.com.br\/dlflores\/wp-json\/wp\/v2\/media?parent=7812"}],"wp:term":[{"taxonomy":"brand","embeddable":true,"href":"https:\/\/ows1.com.br\/dlflores\/wp-json\/wp\/v2\/etheme_brands?post=7812"},{"taxonomy":"product_cat","embeddable":true,"href":"https:\/\/ows1.com.br\/dlflores\/wp-json\/wp\/v2\/product_cat?post=7812"},{"taxonomy":"product_tag","embeddable":true,"href":"https:\/\/ows1.com.br\/dlflores\/wp-json\/wp\/v2\/product_tag?post=7812"}],"curies":[{"name":"wp","href":"https:\/\/api.w.org\/{rel}","templated":true}]}}