{"id":7934,"date":"2022-05-24T12:47:58","date_gmt":"2022-05-24T12:47:58","guid":{"rendered":"http:\/\/ows1.com.br\/dlflores\/?post_type=product&#038;p=7934"},"modified":"2022-05-24T12:47:58","modified_gmt":"2022-05-24T12:47:58","slug":"orquidea-phalaenopsis-com-duas-pencas-plantada-em-embalagem-com-papeis-e-laco","status":"publish","type":"product","link":"https:\/\/ows1.com.br\/dlflores\/produto\/orquidea-phalaenopsis-com-duas-pencas-plantada-em-embalagem-com-papeis-e-laco\/","title":{"rendered":"Orqu\u00eddea Phalaenopsis com duas pencas. Plantada em embalagem com pap\u00e9is e la\u00e7o."},"content":{"rendered":"<p><img class=\"alignnone size-medium wp-image-7935\" src=\"http:\/\/ows1.com.br\/dlflores\/wp-content\/uploads\/2022\/05\/IMG_6413-225x300.jpg\" alt=\"\" width=\"225\" height=\"300\" srcset=\"https:\/\/ows1.com.br\/dlflores\/wp-content\/uploads\/2022\/05\/IMG_6413-225x300.jpg 225w, https:\/\/ows1.com.br\/dlflores\/wp-content\/uploads\/2022\/05\/IMG_6413-768x1024.jpg 768w, https:\/\/ows1.com.br\/dlflores\/wp-content\/uploads\/2022\/05\/IMG_6413-1152x1536.jpg 1152w, https:\/\/ows1.com.br\/dlflores\/wp-content\/uploads\/2022\/05\/IMG_6413-1x1.jpg 1w, https:\/\/ows1.com.br\/dlflores\/wp-content\/uploads\/2022\/05\/IMG_6413-8x10.jpg 8w, https:\/\/ows1.com.br\/dlflores\/wp-content\/uploads\/2022\/05\/IMG_6413-600x800.jpg 600w, https:\/\/ows1.com.br\/dlflores\/wp-content\/uploads\/2022\/05\/IMG_6413.jpg 1536w\" sizes=\"(max-width: 225px) 100vw, 225px\" \/><\/p>\n","protected":false},"excerpt":{"rendered":"","protected":false},"featured_media":7935,"comment_status":"open","ping_status":"closed","template":"","meta":[],"etheme_brands":[],"product_cat":[67],"product_tag":[],"_links":{"self":[{"href":"https:\/\/ows1.com.br\/dlflores\/wp-json\/wp\/v2\/product\/7934"}],"collection":[{"href":"https:\/\/ows1.com.br\/dlflores\/wp-json\/wp\/v2\/product"}],"about":[{"href":"https:\/\/ows1.com.br\/dlflores\/wp-json\/wp\/v2\/types\/product"}],"replies":[{"embeddable":true,"href":"https:\/\/ows1.com.br\/dlflores\/wp-json\/wp\/v2\/comments?post=7934"}],"wp:featuredmedia":[{"embeddable":true,"href":"https:\/\/ows1.com.br\/dlflores\/wp-json\/wp\/v2\/media\/7935"}],"wp:attachment":[{"href":"https:\/\/ows1.com.br\/dlflores\/wp-json\/wp\/v2\/media?parent=7934"}],"wp:term":[{"taxonomy":"brand","embeddable":true,"href":"https:\/\/ows1.com.br\/dlflores\/wp-json\/wp\/v2\/etheme_brands?post=7934"},{"taxonomy":"product_cat","embeddable":true,"href":"https:\/\/ows1.com.br\/dlflores\/wp-json\/wp\/v2\/product_cat?post=7934"},{"taxonomy":"product_tag","embeddable":true,"href":"https:\/\/ows1.com.br\/dlflores\/wp-json\/wp\/v2\/product_tag?post=7934"}],"curies":[{"name":"wp","href":"https:\/\/api.w.org\/{rel}","templated":true}]}}