{"id":7942,"date":"2022-05-24T13:07:32","date_gmt":"2022-05-24T13:07:32","guid":{"rendered":"http:\/\/ows1.com.br\/dlflores\/?post_type=product&#038;p=7942"},"modified":"2022-05-24T13:07:33","modified_gmt":"2022-05-24T13:07:33","slug":"cesta-happy-hour-2","status":"publish","type":"product","link":"https:\/\/ows1.com.br\/dlflores\/produto\/cesta-happy-hour-2\/","title":{"rendered":"Cesta  Happy Hour"},"content":{"rendered":"<p>Bal\u00e3o h\u00e1 g\u00e1s<br \/>\nCesta decorada<br \/>\nArranjo com flores<br \/>\nVinho concha y toro<br \/>\nTemper chease<br \/>\nNutella<br \/>\nTorradinhas<br \/>\n2 Donuts<br \/>\nUva<br \/>\n<img class=\"alignnone size-medium wp-image-7943\" src=\"http:\/\/ows1.com.br\/dlflores\/wp-content\/uploads\/2022\/05\/IMG_7816-225x300.jpg\" alt=\"\" width=\"225\" height=\"300\" srcset=\"https:\/\/ows1.com.br\/dlflores\/wp-content\/uploads\/2022\/05\/IMG_7816-225x300.jpg 225w, https:\/\/ows1.com.br\/dlflores\/wp-content\/uploads\/2022\/05\/IMG_7816-768x1024.jpg 768w, https:\/\/ows1.com.br\/dlflores\/wp-content\/uploads\/2022\/05\/IMG_7816-1152x1536.jpg 1152w, https:\/\/ows1.com.br\/dlflores\/wp-content\/uploads\/2022\/05\/IMG_7816-1x1.jpg 1w, https:\/\/ows1.com.br\/dlflores\/wp-content\/uploads\/2022\/05\/IMG_7816-8x10.jpg 8w, https:\/\/ows1.com.br\/dlflores\/wp-content\/uploads\/2022\/05\/IMG_7816-600x800.jpg 600w, https:\/\/ows1.com.br\/dlflores\/wp-content\/uploads\/2022\/05\/IMG_7816.jpg 1536w\" sizes=\"(max-width: 225px) 100vw, 225px\" \/><\/p>\n","protected":false},"excerpt":{"rendered":"<p>Bal\u00e3o h\u00e1 g\u00e1s Cesta decorada Arranjo com flores Vinho concha y toro Temper chease Nutella Torradinhas 2 Donuts Uva<\/p>\n","protected":false},"featured_media":7943,"comment_status":"open","ping_status":"closed","template":"","meta":[],"etheme_brands":[],"product_cat":[15],"product_tag":[],"_links":{"self":[{"href":"https:\/\/ows1.com.br\/dlflores\/wp-json\/wp\/v2\/product\/7942"}],"collection":[{"href":"https:\/\/ows1.com.br\/dlflores\/wp-json\/wp\/v2\/product"}],"about":[{"href":"https:\/\/ows1.com.br\/dlflores\/wp-json\/wp\/v2\/types\/product"}],"replies":[{"embeddable":true,"href":"https:\/\/ows1.com.br\/dlflores\/wp-json\/wp\/v2\/comments?post=7942"}],"wp:featuredmedia":[{"embeddable":true,"href":"https:\/\/ows1.com.br\/dlflores\/wp-json\/wp\/v2\/media\/7943"}],"wp:attachment":[{"href":"https:\/\/ows1.com.br\/dlflores\/wp-json\/wp\/v2\/media?parent=7942"}],"wp:term":[{"taxonomy":"brand","embeddable":true,"href":"https:\/\/ows1.com.br\/dlflores\/wp-json\/wp\/v2\/etheme_brands?post=7942"},{"taxonomy":"product_cat","embeddable":true,"href":"https:\/\/ows1.com.br\/dlflores\/wp-json\/wp\/v2\/product_cat?post=7942"},{"taxonomy":"product_tag","embeddable":true,"href":"https:\/\/ows1.com.br\/dlflores\/wp-json\/wp\/v2\/product_tag?post=7942"}],"curies":[{"name":"wp","href":"https:\/\/api.w.org\/{rel}","templated":true}]}}