{"id":7949,"date":"2022-05-24T13:18:44","date_gmt":"2022-05-24T13:18:44","guid":{"rendered":"http:\/\/ows1.com.br\/dlflores\/?post_type=product&#038;p=7949"},"modified":"2022-05-24T13:18:44","modified_gmt":"2022-05-24T13:18:44","slug":"coroa-de-flores-media","status":"publish","type":"product","link":"https:\/\/ows1.com.br\/dlflores\/produto\/coroa-de-flores-media\/","title":{"rendered":"Coroa de Flores M\u00e9dia"},"content":{"rendered":"<p>Por se tratar de flores da esta\u00e7\u00e3o os tons idem variar de acordo com a \u00e9poca<br \/>\n<img class=\"alignnone size-medium wp-image-7950\" src=\"http:\/\/ows1.com.br\/dlflores\/wp-content\/uploads\/2022\/05\/IMG_7676-225x300.jpg\" alt=\"\" width=\"225\" height=\"300\" srcset=\"https:\/\/ows1.com.br\/dlflores\/wp-content\/uploads\/2022\/05\/IMG_7676-225x300.jpg 225w, https:\/\/ows1.com.br\/dlflores\/wp-content\/uploads\/2022\/05\/IMG_7676-768x1024.jpg 768w, https:\/\/ows1.com.br\/dlflores\/wp-content\/uploads\/2022\/05\/IMG_7676-1152x1536.jpg 1152w, https:\/\/ows1.com.br\/dlflores\/wp-content\/uploads\/2022\/05\/IMG_7676-1x1.jpg 1w, https:\/\/ows1.com.br\/dlflores\/wp-content\/uploads\/2022\/05\/IMG_7676-8x10.jpg 8w, https:\/\/ows1.com.br\/dlflores\/wp-content\/uploads\/2022\/05\/IMG_7676-600x800.jpg 600w, https:\/\/ows1.com.br\/dlflores\/wp-content\/uploads\/2022\/05\/IMG_7676.jpg 1536w\" sizes=\"(max-width: 225px) 100vw, 225px\" \/><\/p>\n","protected":false},"excerpt":{"rendered":"<p>Por se tratar de flores da esta\u00e7\u00e3o os tons idem variar de acordo com a \u00e9poca<\/p>\n","protected":false},"featured_media":7950,"comment_status":"open","ping_status":"closed","template":"","meta":[],"etheme_brands":[],"product_cat":[15],"product_tag":[],"_links":{"self":[{"href":"https:\/\/ows1.com.br\/dlflores\/wp-json\/wp\/v2\/product\/7949"}],"collection":[{"href":"https:\/\/ows1.com.br\/dlflores\/wp-json\/wp\/v2\/product"}],"about":[{"href":"https:\/\/ows1.com.br\/dlflores\/wp-json\/wp\/v2\/types\/product"}],"replies":[{"embeddable":true,"href":"https:\/\/ows1.com.br\/dlflores\/wp-json\/wp\/v2\/comments?post=7949"}],"wp:featuredmedia":[{"embeddable":true,"href":"https:\/\/ows1.com.br\/dlflores\/wp-json\/wp\/v2\/media\/7950"}],"wp:attachment":[{"href":"https:\/\/ows1.com.br\/dlflores\/wp-json\/wp\/v2\/media?parent=7949"}],"wp:term":[{"taxonomy":"brand","embeddable":true,"href":"https:\/\/ows1.com.br\/dlflores\/wp-json\/wp\/v2\/etheme_brands?post=7949"},{"taxonomy":"product_cat","embeddable":true,"href":"https:\/\/ows1.com.br\/dlflores\/wp-json\/wp\/v2\/product_cat?post=7949"},{"taxonomy":"product_tag","embeddable":true,"href":"https:\/\/ows1.com.br\/dlflores\/wp-json\/wp\/v2\/product_tag?post=7949"}],"curies":[{"name":"wp","href":"https:\/\/api.w.org\/{rel}","templated":true}]}}